 2601 is divided by 15?
6
Calculate the remainder when 162 is divided by 59.
44
Calculate the remainder when 1976 is divided by 43.
41
Calculate the remainder when 544 is divided by 364.
180
What is the remainder when 915 is divided by 54?
51
Calculate the remainder when 95 is divided by 48.
47
What is the remainder when 144 is divided by 47?
3
Calculate the remainder when 802 is divided by 255.
37
What is the remainder when 97 is divided by 37?
23
What is the remainder when 940 is divided by 185?
15
What is the remainder when 3373 is divided by 27?
25
What is the remainder when 3363 is divided by 116?
115
What is the remainder when 148 is divided by 10?
8
What is the remainder when 31 is divided by 28?
3
Calculate the remainder when 4132 is divided by 13.
11
What is the remainder when 83 is divided by 21?
20
Calculate the remainder when 292 is divided by 49.
47
Calculate the remainder when 22064 is divided by 34.
32
What is the remainder when 291 is divided by 23?
15
What is the remainder when 880 is divided by 7?
5
Calculate the remainder when 186 is divided by 82.
22
Calculate the remainder when 5587 is divided by 27.
25
What is the remainder when 2117 is divided by 36?
29
Calculate the remainder when 3853 is divided by 161.
150
Calculate the remainder when 663 is divided by 140.
103
Calculate the remainder when 598 is divided by 253.
92
Calculate the remainder when 809 is divided by 27.
26
Calculate the remainder when 76984 is divided by 117.
115
Calculate the remainder when 1437 is divided by 24.
21
Calculate the remainder when 890 is divided by 19.
16
Calculate the remainder when 199 is divided by 34.
29
Calculate the remainder when 52 is divided by 50.
2
What is the remainder when 85 is divided by 20?
5
What is the remainder when 2024 is divided by 58?
52
Calculate the remainder when 376 is divided by 122.
10
Calculate the remainder when 438 is divided by 22.
20
Calculate the remainder when 209 is divided by 177.
32
Calculate the remainder when 798 is divided by 20.
18
What is the remainder when 868 is divided by 868?
0
What is the remainder when 400 is divided by 188?
24
Calculate the remainder when 218 is divided by 42.
8
What is the remainder when 50 is divided by 25?
0
Calculate the remainder when 181 is divided by 78.
25
Calculate the remainder when 30 is divided by 11.
8
What is the remainder when 1873 is divided by 54?
37
What is the remainder when 700 is divided by 19?
16
Calculate the remainder when 348 is divided by 10.
8
Calculate the remainder when 717 is divided by 84.
45
What is the remainder when 10800 is divided by 38?
8
Calculate the remainder when 22 is divided by 13.
9
Calculate the remainder when 12 is divided by 10.
2
Calculate the remainder when 184 is divided by 33.
19
What is the remainder when 22343 is divided by 109?
107
Calculate the remainder when 320 is divided by 128.
64
What is the remainder when 443 is divided by 56?
51
Calculate the remainder when 1971 is divided by 25.
21
What is the remainder when 2812 is divided by 21?
19
Calculate the remainder when 4555 is divided by 117.
109
Calculate the remainder when 6133 is divided by 21.
1
What is the remainder when 17315 is divided by 9?
8
Calculate the remainder when 183 is divided by 84.
15
Calculate the remainder when 1063 is divided by 91.
62
What is the remainder when 24 is divided by 12?
0
What is the remainder when 131 is divided by 80?
51
Calculate the remainder when 357 is divided by 60.
57
Calculate the remainder when 90 is divided by 70.
20
What is the remainder when 449 is divided by 41?
39
Calculate the remainder when 789 is divided by 33.
30
What is the remainder when 566 is divided by 9?
8
Calculate the remainder when 8 is divided by 4.
0
What is the remainder when 854 is divided by 120?
14
What is the remainder when 471 is divided by 28?
23
Calculate the remainder when 339 is divided by 124.
91
What is the remainder when 231 is divided by 118?
113
Calculate the remainder when 2707 is divided by 676.
3
What is the remainder when 278 is divided by 35?
33
What is the remainder when 449 is divided by 115?
104
What is the remainder when 574 is divided by 24?
22
What is the remainder when 1092 is divided by 73?
70
Calculate the remainder when 93 is divided by 14.
9
What is the remainder when 180 is divided by 46?
42
Calculate the remainder when 179 is divided by 156.
23
What is the remainder when 184 is divided by 37?
36
Calculate the remainder when 265 is divided by 54.
49
What is the remainder when 248 is divided by 78?
14
What is the remainder when 2430 is divided by 17?
16
What is the remainder when 14 is divided by 5?
4
What is the remainder when 2716 is divided by 40?
36
Calculate the remainder when 23 is divided by 10.
3
Calculate the remainder when 600 is divided by 108.
60
Calculate the remainder when 3378 is divided by 97.
80
Calculate the remainder when 4671 is divided by 71.
56
What is the remainder when 1959 is divided by 35?
34
Calculate the remainder when 2209 is divided by 18.
13
Calculate the remainder when 148 is divided by 43.
19
Calculate the remainder when 457 is divided by 149.
10
What is the remainder when 109 is divided by 23?
17
What is the remainder when 430 is divided by 48?
46
What is the remainder when 31 is divided by 29?
2
Calculate the remainder when 140 is divided by 81.
59
What is the remainder when 697 is divided by 142?
129
Calculate the remainder when 412 is divided by 139.
134
What is the remainder when 13243 is divided by 22?
21
Calculate the remainder when 1652 is divided by 237.
230
Calculate the remainder when 226 is divided by 18.
10
Calculate the remainder when 4745 is divided by 473.
15
What is the remainder when 907 is divided by 261?
124
What is the remainder when 29689 is divided by 26?
23
What is the remainder when 3998 is divided by 798?
8
What is the remainder when 46 is divided by 41?
5
Calculate the remainder when 1351 is divided by 13.
12
Calculate the remainder when 1558 is divided by 49.
39
Calculate the remainder when 18 is divided by 7.
4
What is the remainder when 135 is divided by 17?
16
What is the remainder when 340 is divided by 31?
30
What is the remainder when 190 is divided by 15?
10
What is the remainder when 115 is divided by 13?
11
Calculate the remainder when 493 is divided by 42.
31
What is the remainder when 1030 is divided by 29?
15
Calculate the remainder when 313 is divided by 7.
5
Calculate the remainder when 1858 is divided by 11.
10
Calculate the remainder when 292 is divided by 9.
4
Calculate the remainder when 222 is divided by 45.
42
What is the remainder when 140 is divided by 8?
4
Calculate the remainder when 292 is divided by 113.
66
What is the remainder when 304 is divided by 39?
31
What is the remainder when 4641 is divided by 57?
24
What is the remainder when 1065 is divided by 26?
25
What is the remainder when 1869 is divided by 34?
33
Calculate the remainder when 111 is divided by 25.
11
What is the remainder when 453 is divided by 52?
37
Calculate the remainder when 14628 is divided by 7311.
6
What is the remainder when 97 is divided by 10?
7
What is the remainder when 2490 is divided by 113?
4
What is the remainder when 94 is divided by 3?
1
Calculate the remainder when 15596 is divided by 200.
196
What is the remainder when 1367 is divided by 14?
9
Calculate the remainder when 760 is divided by 331.
98
What is the remainder when 1095 is divided by 44?
39
Calculate the remainder when 5604 is divided by 86.
14
Calculate the remainder when 245 is divided by 104.
37
Calculate the remainder when 2179 is divided by 10.
9
Calculate the remainder when 28312 is divided by 99.
97
What is the remainder when 473 is divided by 123?
104
Calculate the remainder when 6718 is divided by 28.
26
What is the remainder when 5913 is divided by 46?
25
What is the remainder when 1672 is divided by 140?
132
Calculate the remainder when 2530 is divided by 502.
20
Calculate the remainder when 116 is divided by 53.
10
Calculate the remainder when 115 is divided by 43.
29
What is the remainder when 290 is divided by 37?
31
What is the remainder when 373 is divided by 16?
5
What is the remainder when 3367 is divided by 1?
0
What is the remainder when 149 is divided by 8?
5
What is t